ed by 11.
8
Let t(q) = q**3 + 4*q**2 - 7*q - 2. Suppose 9*c - 141 = -15. What is the remainder when c is divided by t(-5)?
6
Let p = -4 - -10. What is the remainder when 4 is divided by (-15)/p*4/(-5)?
0
Let x = 146 + -49. Suppose 97 = 3*g - 2*v, 62 = 2*g - 11*v + 7*v. What is the remainder when x is divided by g?
31
Calculate the remainder when 32/(-144) + (-812)/(-9) is divided by 31.
28
Suppose 0 = 5*h - 2 - 8, v + h = 16. Suppose 3*q - q + v = 0. Let r(a) = -a**3 - 6*a**2 + 5*a + 6. What is the remainder when r(q) is divided by 11?
9
Let m = 16 - 14. Suppose -9 = -z + m*n - n, 0 = 3*n - 12. What is the remainder when z is divided by 7?
6
Let l = -7 - -78. What is the remainder when l is divided by 21?
8
Let l be -5 + (3 - (3 + 0)). Let t = 5 - l. Suppose 5*p = f - 2*f + 130, p - t = 3*f. Calculate the remainder when p is divided by 9.
7
Suppose -3*n + 27 = -33. Let q(c) = c**3 + 10*c**2 + c - 8. Let m be q(-10). Calculate the remainder when 4*(-3)/(m/57) is divided by n.
18
Suppose -2*a = -a + 4. Let p(x) = -2*x + 3. Let z(t) = 5*t - 15. Calculate the remainder when z(7) is divided by p(a).
9
Let c(a) = -8*a. Suppose 0 = 2*p + 2. Suppose 45 = -2*y + 5*y. Calculate the remainder when y is divided by c(p).
7
Let p be (2030/(-21))/(2/(-3)). Suppose -4*r = r - p. Calculate the remainder when r is divided by 10.
9
Let a(u) = u**3 - 34*u**2 + 36*u - 66. Let q(r) = 3*r**3 - 2*r**2 - r - 2. Calculate the remainder when a(33) is divided by q(2).
9
Let a = 74 - -6. What is the remainder when a is divided by 31?
18
Suppose -4*s = 4*v, 25 = -v + 3*v - 3*s. Let x = 7 - v. Calculate the remainder when x is divided by 2.
0
Let d(t) = -t**2 - t + 28. Let f be d(0). Suppose f = h - 5. Calculate the remainder when h is divided by 119/13 + (-12)/78.
6
What is the remainder when 160 is divided by (6 + -2 + -1)*6?
16
Let s(o) be the third derivative of -o**4/24 + 2*o**3/3 - 3*o**2. Let q be s(5). Let r = 17 + q. Calculate the remainder when r is divided by 9.
7
Suppose -2*z + 5*n - 4 + 5 = 0, -3*z + 5 = -4*n. Suppose z*v = -29 + 212. Calculate the remainder when v is divided by 16.
13
What is the remainder when 8 is divided by (-2 - 2) + 14/2?
2
Let f = -56 + 91. What is the remainder when f is divided by 10?
5
Suppose -2*b = -5*b + 42. Suppose -a - y + 3*y + 123 = 0, -y = a - 123. What is the remainder when 0 - (1*a)/(-3) is divided by b?
13
Suppose -4*r = l - 68, -46 - 16 = -3*r + 2*l. Calculate the remainder when 142 is divided by r.
16
Let d be (-12)/(-10)*45/6. Let o = 17 - d. Calculate the remainder when 22 is divided by o.
6
Suppose -3*k = -4*k - y + 27, 0 = -2*y. What is the remainder when k is divided by 14?
13
Let v(r) = -8*r + 2. Let u = -22 - -32. Calculate the remainder when v(-3) is divided by -7*(3 - u/2).
12
Suppose -c = -3*c + 384. Suppose 2*j = 2*k - 120, -3*k - 3*j + c = -0. Let l = 40 - 19. Calculate the remainder when k is divided by l.
20
Let h = 51 + 24. Let r = -38 + h. Calculate the remainder when r is divided by 13.
11
Let m = -45 + 86. Let h = 15 - 10. What is the remainder when m is divided by ((-21)/h)/(1/(-5))?
20
Let r be (-940)/(-8)*4/5. Let p = -59 + r. Let g = 1 + 11. Calculate the remainder when p is divided by g.
11
Calculate the remainder when 17 is divided by -15 - -12 - 2*-4.
2
Let q be (-11)/(-2) + 3/(-2). Suppose -2*o + 3*i = -17, q*o + 4*i + 0*i = 24. Calculate the remainder when o is divided by 4.
3
Let r = 7 + -7. Suppose -4*k + 4*g + 32 = 0, r = 5*k + g - 7 - 3. Calculate the remainder when 7 is divided by k.
1
Suppose -2*f + 303 = 3*b, 6*f = 3*f + 3*b + 492. What is the remainder when f is divided by 23?
21
Suppose -6*v = -0*v - 18. Suppose -v*a - 15 = -4*a. Calculate the remainder when 57 is divided by a.
12
Suppose -5*x = -x. Let b be 1/(3/54*(2 + 0)). Suppose x = -4*k + b + 23. Calculate the remainder when k is divided by 5.
3
Suppose 0 = u + 2*l - 49, l = -2*u - 8 + 91. What is the remainder when u is divided by -2*1*(-6 + -1)?
11
Suppose -5*d + 17 = -2*k, d = 2*k - 3*k + 9. Suppose m = -3*h + 3, -3*m + 2*h = -3*h - 23. What is the remainder when m is divided by k?
2
Suppose -6 = -2*b + 5*o, 0 = -b + 3*b - o - 14. Let k = b + -2. Calculate the remainder when 21 is divided by k.
3
Suppose 5*c - z + 65 = -6*z, c + 3*z = -19. Let w(a) = -12*a. Let u be w(-2). Let n = u + c. Calculate the remainder when n is divided by 8.
6
Suppose -3 = 3*w - 2*w. Let g(z) be the first derivative of -z**4/4 - 2*z**3/3 - 3*z**2/2 + z - 11. Calculate the remainder when 55 is divided by g(w).
17
Let d(r) = 5*r - 36. Calculate the remainder when d(8) is divided by 3.
1
Let a(k) = 20*k**2 + k - 4. What is the remainder when a(-2) is divided by 15?
14
Suppose -2*c + 4*t = -54, 5*c - 4*t = 36 + 69. Let x = 24 - c. Calculate the remainder when x is divided by 3.
1
Let u(l) = -l**2 + 8*l - 7. Suppose -96*z - 29 = -97*z. What is the remainder when z is divided by u(5)?
5
Let j(a) = -2*a - 5. Calculate the remainder when 3 is divided by j(-3).
0
Let r(w) = 4*w. Let h be r(2). Suppose h = t - 4. Calculate the remainder when 23 is divided by t.
11
Let x = -1 - -7. Let h(f) = 0*f**2 - 3*f + 0 - 5 + f**2 + 0*f. What is the remainder when 24 is divided by h(x)?
11
What is the remainder when 95 is divided by 781/33 + 2/6?
23
Let c = 16 + 36. What is the remainder when 155 is divided by c?
51
Let l = 4 - -3. Calculate the remainder when 25 is divided by l.
4
Let q(g) be the first derivative of 2*g**3/3 - 9*g**2/2 + g - 1. Calculate the remainder when 55 is divided by q(6).
17
Suppose 0 = -22*g + 23*g - 43. What is the remainder when 168 is divided by g?
39
Suppose -4*o + 4 = -3*d - 1, 2*o - 20 = -2*d. Let p(c) = -7*c + 2. Let s be p(-2). Let a = s + -3. What is the remainder when a is divided by d?
3
Calculate the remainder when 17 is divided by 2/2*(0 + 6).
5
Suppose 2*i - 73 = -55. Calculate the remainder when 42 is divided by i.
6
Let a be (-1)/1 + 3 - 0. Let p(o) = o. Let v(x) = -x**2 + 6*x - 3. Let d(s) = -2*p(s) + v(s). What is the remainder when 1 is divided by d(a)?
0
Let u(h) = -2 + h**2 + 1 + 4 - 1. What is the remainder when 15 is divided by u(2)?
3
Suppose 1 = -5*d + 31. Let c be 44/8 - 9/6. Suppose -5 - 63 = -4*o + w, c*o - 5*w = 84. What is the remainder when o is divided by d?
4
Suppose -35 = -5*r - 0*r. What is the remainder when 3*r*3/3 is divided by 12?
9
Let w = -3 + 21. Suppose b - 1 = -2*f + 12, 0 = -b + 3*f - 2. Calculate the remainder when w is divided by b.
4
Suppose -1 = -4*d + 3. Suppose -3*s + 3*m + d = -116, -141 = -3*s - 5*m. What is the remainder when s is divided by 11?
9
Suppose 23 = b + 10. Suppose 0 = 5*d + q - b, d + 7 + 0 = 3*q. What is the remainder when d is divided by 2?
0
Suppose 0 = -3*h, -2*h + 8 = 3*n + 2. Let i = n - -4. Calculate the remainder when 10 is divided by i.
4
Let f(d) = 2*d**2 + 4*d + 1. What is the remainder when 10 is divided by f(-3)?
3
Suppose -h = -5*m + 224 - 45, 4*m - 5*h - 139 = 0. What is the remainder when m is divided by 13?
10
Let d = 0 + 3. Suppose -2*a = -2*k, -d = -3*a - 2*k + 22. Let v = 8 - a. What is the remainder when 8 is divided by v?
2
Suppose 31 = y + 5*w, -y = 4*w - 0*w - 27. Suppose 4*o + 1 = 5*v, -2*v + 10 = -0*v. Calculate the remainder when y is divided by o.
5
Suppose 2*s = -3*n + 5*s - 105, 0 = s + 3. Let d = n + 63. What is the remainder when d is divided by 9?
7
Let c(v) = -9*v + 13. Calculate the remainder when c(-10) is divided by 26.
25
Suppose 0 = 3*f - 9*f + 30. What is the remainder when 7 is divided by f?
2
Suppose 3*s + 15 = 3*o, 2*s + 12 = 2*o + 2*o. Let a = 28 + o. What is the remainder when a is divided by 10?
9
Let a(m) = -m + 6. Calculate the remainder when a(-5) is divided by 7.
4
Let k = 230 - 103. Calculate the remainder when k is divided by 26.
23
Suppose -2*w + 0*w + 3*h + 7 = 0, -2*w + 4*h + 2 = 0. Calculate the remainder when 31 is divided by w.
9
Suppose w + 3*z = z - 56, -4*w = -4*z + 200. Let i = 1 - w. Let t = -27 - -45. Calculate the remainder when i is divided by t.
17
What is the remainder when 45 is divided by ((20 + 0)/5)/((-2)/(-8))?
13
Let k be 4/(-18) - (-660)/54. What is the remainder when (-78)/(-8) + (-9)/k is divided by 3?
0
Let v be -11*(-2 + 2 - 1). Let b = -6 + v. Suppose b*x - 2*x - 66 = 0. Calculate the remainder when